e greatest common divisor of 7208 and 18479192?
424
What is the highest common divisor of 770 and 165655?
35
What is the greatest common factor of 9567539 and 48167?
983
What is the highest common divisor of 51419170 and 110?
110
What is the greatest common factor of 545492976 and 56?
56
What is the greatest common divisor of 10639664 and 980?
196
Calculate the highest common divisor of 80464 and 55961.
107
Calculate the greatest common factor of 2 and 4913637.
1
Calculate the greatest common factor of 4300604 and 231.
77
Calculate the highest common factor of 46934 and 1291429.
31
Calculate the greatest common factor of 11320 and 13270.
10
What is the highest common factor of 5295 and 8595903?
1059
What is the highest common divisor of 1415586 and 29082?
786
What is the highest common factor of 2358 and 470604?
6
What is the greatest common factor of 35 and 4605690?
5
What is the highest common divisor of 519 and 2039213972?
173
Calculate the greatest common factor of 81576633 and 43.
43
What is the greatest common factor of 84 and 325666698?
42
Calculate the highest common divisor of 9303 and 12997194.
21
What is the greatest common factor of 2230852 and 780?
52
Calculate the highest common divisor of 323796 and 7084.
44
Calculate the highest common factor of 32 and 82760336.
16
What is the highest common factor of 19312 and 1704250?
34
What is the greatest common factor of 2737272 and 44472?
408
Calculate the highest common divisor of 2231852 and 472.
236
Calculate the highest common factor of 4251835 and 1218.
203
What is the greatest common divisor of 28714 and 2801666?
4102
What is the greatest common factor of 604563 and 82128?
87
Calculate the greatest common factor of 125543 and 86476301.
11413
What is the highest common factor of 227639058 and 18893?
2699
What is the highest common divisor of 37269 and 49581?
9
What is the highest common factor of 6636 and 13606012?
2212
Calculate the highest common factor of 7747840 and 1024.
256
Calculate the greatest common factor of 2 and 52265564.
2
What is the highest common factor of 344710 and 1490?
10
Calculate the highest common factor of 370 and 12374465.
185
What is the highest common divisor of 44184 and 735874?
526
What is the greatest common divisor of 15 and 1829136825?
15
Calculate the highest common factor of 11406 and 222477832.
3802
What is the highest common factor of 28243 and 420867?
463
What is the greatest common divisor of 38307918 and 8030?
1606
What is the greatest common factor of 2353251 and 321?
321
What is the highest common factor of 511 and 176897980?
511
Calculate the greatest common factor of 6282228 and 30.
6
Calculate the greatest common divisor of 16151516 and 808.
404
What is the greatest common divisor of 56 and 381388504?
56
Calculate the highest common divisor of 1886700 and 700.
100
Calculate the highest common divisor of 22203 and 2430.
9
Calculate the greatest common divisor of 418 and 655182.
22
Calculate the highest common divisor of 357 and 14696738.
119
What is the highest common factor of 57218168 and 56?
56
What is the highest common divisor of 33260349 and 6768?
141
What is the highest common divisor of 6922635 and 60?
15
Calculate the greatest common divisor of 19992 and 5768.
56
What is the greatest common divisor of 528 and 21717366?
66
Calculate the greatest common factor of 194 and 14970301.
97
What is the highest common factor of 3381 and 4379361?
483
Calculate the greatest common divisor of 63 and 26943903.
63
Calculate the greatest common factor of 47632 and 27666864.
3664
Calculate the highest common divisor of 2477401 and 219.
73
Calculate the highest common divisor of 432 and 181943766.
54
What is the greatest common factor of 1066089767 and 94?
47
Calculate the highest common divisor of 2484 and 9440442.
1242
Calculate the highest common factor of 874653 and 20787.
1599
What is the highest common divisor of 713 and 20608459?
31
What is the greatest common divisor of 7352 and 21260146?
1838
What is the highest common factor of 70031 and 7917?
13
What is the highest common divisor of 825506 and 785?
157
Calculate the highest common divisor of 7173924 and 36.
12
Calculate the highest common factor of 881 and 149984083.
881
Calculate the greatest common factor of 130460194 and 76.
38
Calculate the greatest common factor of 29868213 and 186591.
4551
What is the greatest common factor of 83368 and 8089148?
2452
What is the greatest common factor of 6401772 and 8892?
468
Calculate the greatest common factor of 11827650 and 390.
30
What is the greatest common divisor of 9682128 and 32?
16
What is the highest common factor of 4120 and 989980?
20
Calculate the greatest common divisor of 104665827 and 31992.
3999
Calculate the highest common factor of 18377020 and 30.
10
Calculate the highest common divisor of 18231 and 371346.
177
What is the highest common factor of 2536908 and 924?
132
What is the highest common factor of 428109767 and 11039?
1577
Calculate the highest common divisor of 201379 and 134495.
727
What is the highest common divisor of 205143 and 17812671?
3477
Calculate the greatest common divisor of 88830 and 57680.
70
Calculate the greatest common divisor of 180 and 349144620.
60
What is the greatest common divisor of 2506 and 225876?
14
Calculate the highest common factor of 25696 and 2532662.
1606
What is the highest common divisor of 18328730 and 266?
266
What is the highest common factor of 1421632 and 214952?
776
What is the greatest common divisor of 810783 and 13473?
27
What is the greatest common divisor of 32591 and 2858089?
1417
Calculate the highest common factor of 1104 and 628751.
23
Calculate the greatest common factor of 54 and 84315339.
9
Calculate the highest common factor of 35616 and 3021.
159
What is the greatest common factor of 9219415 and 626?
313
What is the greatest common divisor of 2209804 and 41038?
142
What is the highest common factor of 922101272 and 1896?
632
Calculate the greatest common divisor of 323 and 7248137.
17
Calculate the greatest common factor of 355 and 14573105.
355
What is the greatest common factor of 2355 and 4629459?
471
Calculate the greatest common factor of 29123101 and 3087.
343
What is the highest common factor of 2385187 and 86233?
889
Calculate the greatest common divisor of 2335886 and 8498.
14
What is the greatest common divisor of 284202 and 432?
54
What is the highest common factor of 1602955 and 515?
5
What is the greatest common divisor of 487979479 and 143?
13
What is the greatest common divisor of 161 and 1527913?
23
Calculate the highest common divisor of 41 and 57120667.
41
Calculate the highest common divisor of 20647 and 22693.
11
What is the highest common factor of 1450650 and 147725?
475
What is the highest common divisor of 32040 and 16911?
9
What is the highest common divisor of 1167 and 7435735?
389
What is the greatest common factor of 5274 and 57420?
18
Calculate the greatest common factor of 28 and 278165706.
14
Calculate the highest common factor of 11574 and 13437.
9
Calculate the greatest common factor of 1610962 and 56852.
466
Calculate the greatest common divisor of 108 and 11490480.
36
What is the greatest common divisor of 242692 and 17552342?
7138
What is the greatest common divisor of 2271 and 4100669?
757
What is the greatest common factor of 6760287 and 3405?
681
What is the greatest common factor of 32156308 and 3924?
436
Calculate the highest common divisor of 237531 and 2961.
21
Calculate the highest common divisor of 23650 and 23815.
55
Calculate the highest common factor of 1034211526 and 4786.
4786
What is the highest common factor of 363542 and 2680?
134
Calculate the greatest common factor of 11 and 12516317.
11
What is the greatest common divisor of 3054 and 32016609?
1527
Calculate the highest common divisor of 51409 and 228541.
509
Calculate the greatest common factor of 351114 and 406992.
834
Calculate the highest common divisor of 92018 and 22518.
278
What is the greatest common divisor of 31856 and 121270?
362
What is the greatest common divisor of 517 and 55042922?
517
Calculate the highest common divisor of 3977 and 22613.
1
Calculate the highest common divisor of 700 and 96123800.
100
Calculate the greatest common factor 